{"id":889,"date":"2025-07-28T01:29:00","date_gmt":"2025-07-27T23:29:00","guid":{"rendered":"https:\/\/montajes2002.com\/tienda\/?page_id=889"},"modified":"2025-07-30T16:04:15","modified_gmt":"2025-07-30T14:04:15","slug":"compra","status":"publish","type":"page","link":"https:\/\/montajes2002.com\/tienda\/compra\/","title":{"rendered":"Compra"},"content":{"rendered":"\t\t<div data-elementor-type=\"wp-page\" data-elementor-id=\"889\" class=\"elementor elementor-889\" data-elementor-post-type=\"page\">\n\t\t\t\t<div class=\"elementor-element elementor-element-b8483ad e-flex e-con-boxed e-con e-parent\" data-id=\"b8483ad\" data-element_type=\"container\">\n\t\t\t\t\t<div class=\"e-con-inner\">\n\t\t\t\t\t<\/div>\n\t\t\t\t<\/div>\n\t\t\t\t<\/div>\n\t\t","protected":false},"excerpt":{"rendered":"<p>Eliminar art\u00edculo Imagen en miniatura Producto Precio Cantidad Subtotal &times; Tacho para descarga de hormig\u00f3n 2000lts USD&nbsp;5.115 Tacho para descarga de hormig\u00f3n 2000lts cantidad USD&nbsp;5.115 Actualizar Carrito Total Subtotal USD&nbsp;5.115 Total USD&nbsp;5.115 Proceder con la Compra<\/p>\n","protected":false},"author":1,"featured_media":0,"parent":0,"menu_order":0,"comment_status":"closed","ping_status":"closed","template":"","meta":{"_monsterinsights_skip_tracking":false,"_monsterinsights_sitenote_active":false,"_monsterinsights_sitenote_note":"","_monsterinsights_sitenote_category":0,"footnotes":""},"class_list":["post-889","page","type-page","status-publish","hentry"],"aioseo_notices":[],"jetpack_sharing_enabled":true,"_links":{"self":[{"href":"https:\/\/montajes2002.com\/tienda\/wp-json\/wp\/v2\/pages\/889","targetHints":{"allow":["GET"]}}],"collection":[{"href":"https:\/\/montajes2002.com\/tienda\/wp-json\/wp\/v2\/pages"}],"about":[{"href":"https:\/\/montajes2002.com\/tienda\/wp-json\/wp\/v2\/types\/page"}],"author":[{"embeddable":true,"href":"https:\/\/montajes2002.com\/tienda\/wp-json\/wp\/v2\/users\/1"}],"replies":[{"embeddable":true,"href":"https:\/\/montajes2002.com\/tienda\/wp-json\/wp\/v2\/comments?post=889"}],"version-history":[{"count":5,"href":"https:\/\/montajes2002.com\/tienda\/wp-json\/wp\/v2\/pages\/889\/revisions"}],"predecessor-version":[{"id":974,"href":"https:\/\/montajes2002.com\/tienda\/wp-json\/wp\/v2\/pages\/889\/revisions\/974"}],"wp:attachment":[{"href":"https:\/\/montajes2002.com\/tienda\/wp-json\/wp\/v2\/media?parent=889"}],"curies":[{"name":"wp","href":"https:\/\/api.w.org\/{rel}","templated":true}]}}