{"id":1011,"date":"2025-08-01T05:45:23","date_gmt":"2025-08-01T03:45:23","guid":{"rendered":"https:\/\/montajes2002.com\/tienda\/?page_id=1011"},"modified":"2025-08-01T21:01:39","modified_gmt":"2025-08-01T19:01:39","slug":"terminar-compra-2","status":"publish","type":"page","link":"https:\/\/montajes2002.com\/tienda\/terminar-compra-2\/","title":{"rendered":"Terminar compra"},"content":{"rendered":"\t\t<div data-elementor-type=\"wp-page\" data-elementor-id=\"1011\" class=\"elementor elementor-1011\" data-elementor-post-type=\"page\">\n\t\t\t\t<div class=\"elementor-element elementor-element-75de54e e-flex e-con-boxed e-con e-parent\" data-id=\"75de54e\" data-element_type=\"container\" data-settings=\"{&quot;background_background&quot;:&quot;slideshow&quot;,&quot;background_slideshow_gallery&quot;:[{&quot;id&quot;:1023,&quot;url&quot;:&quot;https:\\\/\\\/montajes2002.com\\\/tienda\\\/wp-content\\\/uploads\\\/2025\\\/08\\\/construction-site-in-dubai.jpg&quot;}],&quot;background_slideshow_loop&quot;:&quot;yes&quot;,&quot;background_slideshow_slide_duration&quot;:5000,&quot;background_slideshow_slide_transition&quot;:&quot;fade&quot;,&quot;background_slideshow_transition_duration&quot;:500}\">\n\t\t\t\t\t<div class=\"e-con-inner\">\n\t\t\t\t<div class=\"elementor-element elementor-element-ac36978 elementor-widget elementor-widget-heading\" data-id=\"ac36978\" data-element_type=\"widget\" data-widget_type=\"heading.default\">\n\t\t\t\t<div class=\"elementor-widget-container\">\n\t\t\t\t\t<h2 class=\"elementor-heading-title elementor-size-default\">Finalizar compra<\/h2>\t\t\t\t<\/div>\n\t\t\t\t<\/div>\n\t\t\t\t\t<\/div>\n\t\t\t\t<\/div>\n\t\t<div class=\"elementor-element elementor-element-0a71133 e-flex e-con-boxed e-con e-parent\" data-id=\"0a71133\" data-element_type=\"container\">\n\t\t\t\t\t<div class=\"e-con-inner\">\n\t\t\t\t<div class=\"elementor-element elementor-element-b3041ea e-checkout-layout-two-column elementor-widget elementor-widget-woocommerce-checkout-page\" data-id=\"b3041ea\" data-element_type=\"widget\" data-settings=\"{&quot;sticky_right_column&quot;:&quot;yes&quot;}\" data-widget_type=\"woocommerce-checkout-page.default\">\n\t\t\t\t<div class=\"elementor-widget-container\">\n\t\t\t\t\t<div class=\"woocommerce\"><\/div>\t\t\t\t<\/div>\n\t\t\t\t<\/div>\n\t\t\t\t\t<\/div>\n\t\t\t\t<\/div>\n\t\t\t\t<\/div>\n\t\t","protected":false},"excerpt":{"rendered":"<p>Finalizar compra \u00a1Atenci\u00f3n! Para aplicar el descuento especial en la u\u00f1a Porta Pallet, debes agregar al menos un segundo producto de la categor\u00eda Industrial\u00a0a\u00a0tu\u00a0carrito. Detalle de compra Nombre&nbsp;* Apellido&nbsp;* Empresa&nbsp;(opcional) Pa\u00eds \/ Regi\u00f3n&nbsp;*Uruguay Direcci\u00f3n de la calle&nbsp;* Apartamento, habitaci\u00f3n, escalera, etc.&nbsp;(opcional) Poblaci\u00f3n&nbsp;* Departamento&nbsp;*Elige una opci\u00f3n&hellip;ArtigasCanelonesCerro LargoColoniaDuraznoFloresFloridaLavallejaMaldonadoMontevideoPaysand\u00faR\u00edo NegroRiveraRochaSaltoSan Jos\u00e9SorianoTacuaremb\u00f3Treinta y Tres C\u00f3digo postal \/ ZIP&nbsp;* Tel\u00e9fono&nbsp;* [&hellip;]<\/p>\n","protected":false},"author":1,"featured_media":0,"parent":0,"menu_order":0,"comment_status":"closed","ping_status":"closed","template":"","meta":{"_monsterinsights_skip_tracking":false,"_monsterinsights_sitenote_active":false,"_monsterinsights_sitenote_note":"","_monsterinsights_sitenote_category":0,"footnotes":""},"class_list":["post-1011","page","type-page","status-publish","hentry"],"aioseo_notices":[],"jetpack_sharing_enabled":true,"_links":{"self":[{"href":"https:\/\/montajes2002.com\/tienda\/wp-json\/wp\/v2\/pages\/1011","targetHints":{"allow":["GET"]}}],"collection":[{"href":"https:\/\/montajes2002.com\/tienda\/wp-json\/wp\/v2\/pages"}],"about":[{"href":"https:\/\/montajes2002.com\/tienda\/wp-json\/wp\/v2\/types\/page"}],"author":[{"embeddable":true,"href":"https:\/\/montajes2002.com\/tienda\/wp-json\/wp\/v2\/users\/1"}],"replies":[{"embeddable":true,"href":"https:\/\/montajes2002.com\/tienda\/wp-json\/wp\/v2\/comments?post=1011"}],"version-history":[{"count":19,"href":"https:\/\/montajes2002.com\/tienda\/wp-json\/wp\/v2\/pages\/1011\/revisions"}],"predecessor-version":[{"id":1076,"href":"https:\/\/montajes2002.com\/tienda\/wp-json\/wp\/v2\/pages\/1011\/revisions\/1076"}],"wp:attachment":[{"href":"https:\/\/montajes2002.com\/tienda\/wp-json\/wp\/v2\/media?parent=1011"}],"curies":[{"name":"wp","href":"https:\/\/api.w.org\/{rel}","templated":true}]}}